 3. Let d be b(1). Let c be -2 + 2 - (-11)/1. What is the highest common divisor of d and c?
11
Let l = 5 - 9. Let f be 1 + l/1 + -451. Let z = f + 661. Calculate the greatest common factor of 23 and z.
23
Suppose 8 + 12 = 4*b - 4*z, z - 7 = -3*b. Let w be (72/32)/(b/8). What is the greatest common divisor of w and 3?
3
Suppose -o = -2*o. Suppose 3*f = -o*f + 42. Let j = 35 - f. What is the highest common factor of j and 189?
21
Let i be 61 - (2 + -1)/1. Suppose 3*p = 8*p - i. Calculate the highest common divisor of 30 and p.
6
Let p(d) = -d**2 + 7*d + 14. Let v be p(8). Calculate the greatest common factor of 30 and v.
6
Let w = -17 - -45. Suppose -2*d + 18 = 7*d. Suppose d*g - 120 = -w. Calculate the highest common divisor of g and 23.
23
Suppose -3*v - 2*g = -4*g, -2*g = 2*v - 10. Let k(f) = -f**2 - 7*f + 2. Let q be k(-6). What is the greatest common divisor of v and q?
2
Let r(l) = 13*l**2 + 2*l + 7. Let q be r(3). What is the greatest common factor of q and 52?
26
Suppose -5*d = 4*h - 327, -7*d - 3*h = -3*d - 261. Suppose m = -4*q + 171, -2*m - 3*m + 183 = 4*q. What is the highest common divisor of q and d?
21
Let s be -1*(-90)/2 - -1. Suppose 0 = 2*u - 4*v - s, -44 - 26 = -4*u - 3*v. Calculate the highest common factor of 171 and u.
19
Suppose -b + 0 = -4. Suppose 4*y - 20 = -5*p, p - 3*y - 4 = -b*y. Suppose p*s = 0, -2*s - 45 = -5*t - 0*s. What is the greatest common divisor of 18 and t?
9
Let c = 135 + -53. Suppose 3*m - u + c = m, m - 3*u = -51. Let q = m - -138. Calculate the highest common factor of 9 and q.
9
Let t = -163 + 318. Calculate the greatest common divisor of t and 31.
31
Let j = -23 + 76. Suppose -18 = 3*w + 4*l - j, -w + 15 = -2*l. What is the highest common factor of w and 26?
13
Let r = -30 - -47. Let k = 1 + r. Let n(q) = 30*q - 6. Let z be n(5). What is the highest common factor of k and z?
18
Let h = -50 + 96. Calculate the highest common divisor of h and 46.
46
Let s(w) = w - 2. Let k be s(1). Let t be -1*20/(k + -1). What is the highest common factor of 40 and t?
10
Suppose 0 = -2*h - 0*h + 96. What is the highest common divisor of h and 24?
24
Let i be 3/4*4 - 1. Suppose 26 = i*t - 0*t. What is the highest common divisor of t and 52?
13
Suppose -3*n + 50 = 2*n. Let f be n - 2*3/(-6). Suppose m + 88 = 2*m. Calculate the greatest common divisor of m and f.
11
Suppose 4*s - s = 36. What is the greatest common divisor of s and 132?
12
Let u be (18/(-4))/((-1)/2). What is the highest common divisor of u and 9?
9
Let n(u) = 2*u - 4. Let w be n(3). Suppose -2*p + 10 - w = 0. Suppose -p*r + 20 = 0, 0*z - 3*z + 4*r + 25 = 0. Calculate the highest common factor of z and 45.
15
Let h = 348 - 216. Calculate the greatest common divisor of 12 and h.
12
Let c = -171 + 182. What is the greatest common divisor of c and 55?
11
Let c = 10 + -5. Suppose -c*a = -3*t + 1, -5*a + t = 3*t - 9. What is the highest common divisor of 4 and a?
1
Let c be (-3 + 8 - (-4)/(-4))*3. Let r = 145 - 85. Calculate the highest common factor of r and c.
12
Suppose 0 = -2*g + 4*x + 5 - 1, 2*g - 29 = -x. Let k = g + -3. What is the greatest common factor of k and 63?
9
Let x(o) = 2 - 8 - 2*o + 5 + o**2 - 8. Let l be x(-7). Calculate the greatest common divisor of 18 and l.
18
Suppose 6*t = 4*t - 16. Let i = 88 + t. Calculate the greatest common divisor of i and 10.
10
Suppose 3*u + 5 = 32. What is the greatest common divisor of 27 and u?
9
Let s(b) = 3*b**2 - b. Suppose -4 = -2*i - 8. Let j be s(i). Calculate the highest common divisor of 35 and j.
7
Suppose k - 81 = -2*k. Let g = 11 - 7. Suppose 0 = 4*v - y - 59, -g*v - 3*y + k = -52. What is the highest common divisor of v and 40?
8
Suppose -7*l + 4*l = -45. Let x = -3 + l. Calculate the highest common factor of x and 12.
12
Let d be (-10)/(-55) - 53/(-11). What is the greatest common divisor of d and 25?
5
Let f be (44/(-6) + 0)*3. Let l = 214 + f. Let s = -39 + l. What is the greatest common divisor of s and 17?
17
Suppose -4*x + 2*g = -12, -x - 5*g - 10 + 2 = 0. What is the greatest common factor of x and 14?
2
Suppose 9 = -2*v + 99. What is the highest common divisor of 18 and v?
9
Let i(x) = -4*x + 35. Let t be i(7). What is the greatest common divisor of 35 and t?
7
Suppose 5*b - 2 = -17. Let x be (b/(-3) + -1)*-1. Suppose -6 = -0*g + g - 5*t, x = -g + t + 10. What is the highest common factor of 126 and g?
14
Let c(h) = 12*h + 2. Let f be c(2). What is the highest common factor of 26 and f?
26
Suppose -7*l + 2*l - 10 = 0, 182 = 3*v - l. Calculate the greatest common factor of v and 15.
15
Let f = 6 - -7. Calculate the greatest common divisor of f and 65.
13
Suppose -2*n + n = y + 6, 2*y + n = -15. Let l = 21 + y. Suppose 0*b = b - l. What is the greatest common divisor of 84 and b?
12
Let c = 21 - 12. Suppose -3*r + c = 3. Let a be (61 - -5)*r/4. Calculate the greatest common factor of 11 and a.
11
Let o = 0 + 2. Let m be ((-4)/o)/((-2)/2). Suppose -6 = j - m*j. Calculate the greatest common divisor of 54 and j.
6
Suppose -2*c + 40 = 2*c. What is the highest common factor of c and 15?
5
Suppose -4*j - 5*l - 51 = -149, 3*j - 89 = 4*l. What is the highest common factor of 9 and j?
9
Suppose -l - 54 = -2*l - 3*a, l = a + 58. Suppose -s = 3*s - 304. Suppose 2*j - s = -0*j. Calculate the highest common factor of l and j.
19
Let t be (230 - -1)*6/9. What is the highest common factor of t and 14?
14
Suppose -h + 9*h = 152. Calculate the highest common divisor of h and 171.
19
Suppose -11*s + 72 = -3*s. Calculate the highest common divisor of s and 6.
3
Let x = -2 + 3. Suppose g = -2*m, -g - 16 = 3*g. Let f be m/((-2)/(-11) - 0). What is the greatest common divisor of x and f?
1
Suppose 8*u - 63 = 7*u. What is the highest common divisor of u and 42?
21
Let j = -17 - -19. Suppose 6*g = j*g + 36. Calculate the greatest common factor of 18 and g.
9
Suppose -20 = 13*m - 14*m. What is the highest common factor of 5 and m?
5
Suppose 68 = 3*c + 5*b - 42, c + 2*b = 38. Calculate the highest common divisor of c and 6.
6
Let k be (-588)/(-15) - 12/(-15). Calculate the highest common divisor of k and 10.
10
Let n(s) = s**3 - 10*s**2 + s + 13. Let l be n(10). What is the greatest common factor of 115 and l?
23
Let q be 5/10*38 - -5. Calculate the highest common divisor of 6 and q.
6
Let k = 26 + -4. Let a = 4 - 2. Calculate the greatest common factor of a and k.
2
Suppose 2*p = 287 - 31. What is the highest common factor of 16 and p?
16
Suppose 3*g + 105 = 8*g. Let w(o) = -o**2 - o + 21. Let l be w(0). Calculate the highest common divisor of g and l.
21
Suppose 4*f - 3*f = 16. Suppose 0 = -0*o + o - 16. Calculate the highest common divisor of f and o.
16
Let n(s) = 4*s**3 - 5*s + 3*s**2 + 4*s - 3*s**2. Let i be n(1). Suppose -37 - i = -5*v. Calculate the highest common factor of 1 and v.
1
Suppose -378 = 10*t - 17*t. Calculate the greatest common factor of 6 and t.
6
Suppose 2*z - 2*j - 20 - 22 = 0, -z - 5*j = -3. What is the greatest common divisor of 18 and z?
18
Let p = 8 - -15. Suppose -d + 0*v - v = -p, d + 3*v - 29 = 0. What is the greatest common divisor of 4 and d?
4
Let o = 20 + -11. Let m = o + -7. Suppose 2*w = 5*l + 16 - 86, -4*l - w + 56 = 0. Calculate the highest common divisor of l and m.
2
Suppose -5*o - 27 = -4*r + 21, 3*o = 0. Let z(q) = -49*q + 14*q**2 + 49*q + q**3 + 8. Let l be z(-14). Calculate the highest common factor of r and l.
4
Let w(s) = 6*s + 4. Let k be w(2). Calculate the greatest common divisor of 8 and k.
8
Let m = -1 - -3. Suppose -f - 2*t + 12 = 0, 0 = m*f + f + 2*t - 16. Suppose 22 = f*j - 6. What is the highest common factor of 21 and j?
7
Suppose -207 = -5*f + 153. What is the highest common factor of f and 9?
9
Suppose -18 = z - 5*t, -4*z + 9*z = -5*t + 30. Calculate the greatest common divisor of z and 16.
2
Let z(p) = p - 32. Let g be z(17). Suppose 2*t - 2 = 4. Let n = t - g. Calculate the greatest common divisor of 27 and n.
9
Let n(j) = j**2 - 8*j + 10. Let q be n(7). Suppose -q*a = -9 - 3. What is the highest common factor of a and 12?
4
Let r(p) = p**2 + 8*p - 7. Let t be r(-10). Let j = 114 + -49. Calculate the greatest common divisor of t and j.
13
Let g(x) = x**3 - 4*x**2 - 6*x - 6. Suppose 4*w - 24 = -2*i, 7 = 3*w + 4*i - 6. Let t be g(w). Calculate the gre